+ 42 - 18).
-9
11 - (6 + (-16 - -5) + 24)
-8
Evaluate (0 - 31 - (-93 + 76)) + 50.
36
18 + -26 - (-21 - -7)
6
What is 7 - 11 - (-30 - -18)?
8
3 - -1 - (21 + -14) - -3 - 2
-2
What is (-8 - (-10 - 6)) + (-6 - 1)?
1
Evaluate 0 - (-41 + 36 - (-1 + 1 + -1)).
4
-7 + (10 - 6) - 0 - -9
6
What is the value of -1 + -9 + (-2 - (14 + -10))?
-16
What is the value of -24 + (28 - 16) + 26?
14
Evaluate -6 - 4 - -5 - (3 - -1).
-9
Evaluate 26 + -4 + -40 - 9.
-27
Evaluate (1 - -6) + -7 + -19.
-19
What is -3 - (-16 - 0) - (0 - -1)?
12
Calculate 5 + 1 + 8 - 13.
1
Calculate (4 - 9) + (0 - 4 - 0) + 33.
24
What is -117 - -127 - ((-3 + 5 - 9) + -4)?
21
Calculate (-16 - -8 - -6) + 0.
-2
13 + -15 - -5 - (20 + 1)
-18
What is the value of (0 - 2) + 6 + -11 - (-6 - -1)?
-2
What is the value of -11 + (15 - (-4 - -19) - -15)?
4
(12 - 23 - -14) + (-3 - -2) + 2
4
Calculate (2 + 5 - 17) + -14 + 7.
-17
-59 - -38 - (11 - 19)
-13
Evaluate (32 - 21 - 33) + 36.
14
What is 11 + -36 + 38 + -36?
-23
Calculate (-3 - (-1 + 2)) + -6.
-10
Evaluate (-2 - -2) + 134 + -124.
10
What is the value of (-8 - 2) + (9 - -8) + 7?
14
Evaluate -5 + -3 + -6 + -2 + 5 + 1.
-10
Evaluate (-37 - -20) + 51 - 31.
3
15 - 8 - (4 - -4 - 5)
4
Evaluate (12 - (-1 - (-4 - -1))) + (-28 - 11).
-29
-2 - (5 + (0 - 3)) - (-35 + 33)
-2
-16 + (-2 - (-1 - (0 + 2 + 5)))
-10
Calculate -29 + 19 + (-1 - (2 + 0)) + 6.
-7
What is the value of 80 + -61 + -18 + 3?
4
What is 3 - (-3 + 0 - (14 - 14 - -4))?
10
Evaluate -27 + (-7 - (-20 + (-6 - -16))).
-24
-5 + -5 - (20 - 17) - (-9 - 0)
-4
Calculate (-89 - -82) + (0 - -19).
12
Evaluate (-49 - -36) + 2 + 23.
12
What is -2 - 0 - ((-36 - -3) + 32)?
-1
-8 + 2 + (-4 - (-4 + -4)) + -2
-4
What is the value of (31 - 43) + -2 + 1 + 45 + -8?
24
What is the value of -10 + 9 - 3 - (-1 - (-1 - -5))?
1
Calculate -30 - (11 - 7 - 11) - -10.
-13
Evaluate (3 - -2) + 2 - (25 - (32 + -24)).
-10
What is the value of 0 - -5 - (-84 - (-152 + 58))?
-5
What is the value of 1 - (9 - 16 - (-4 + -1))?
3
-1 + 3 + (-13 - (19 - 35))
5
(-5 - (-15 + (6 - 2))) + -18
-12
What is the value of (1 - -8) + (-37 - (-15 + 22)) + 0?
-35
-103 + 23 + 18 + 25
-37
What is -63 - (-18 - 4) - -29?
-12
(21 - 5) + -21 - (-28 - -6)
17
Evaluate -1 + (2 - -1 - (16 - (8 - 5))).
-11
What is 1 + (1 - -27) + -19?
10
Calculate (16 - 14) + -9 + (-8 - (-2 - -1)).
-14
Calculate (-11 - -32) + -9 - -7.
19
Calculate 5 - 4 - 2 - -7 - (5 + 1).
0
What is the value of (-19 - -4 - -21) + -10?
-4
What is the value of 51 - 60 - (-8 + -3 + 2)?
0
Calculate (0 - (-25 - -1)) + 9 + -16 + -3.
14
What is (11 - (-25 + 46)) + (-2 - -9)?
-3
Calculate 9 + (19 - 13 - 13 - 18).
-16
What is the value of 0 + -8 + (22 - 29) + 5?
-10
-11 + 5 - (-1 + -1 + -3 - 23)
22
Evaluate 0 + (0 - (4 + -5)) + (-10 - 1).
-10
Evaluate 4 - (-22 + 10 + -7).
23
What is 1 - -12 - (-1 + 9 + -1)?
6
What is the value of -59 + 52 + (3 - 6) + -4?
-14
Evaluate -14 + (-9 - -20) - (0 + -3 - 4).
4
(6 - 1) + -40 + (35 - 26)
-26
Calculate 8 + -7 + 11 + -5 + -6.
1
(-11 - (-34 + 17)) + -32
-26
Calculate 29 + -13 + 11 - 31.
-4
46 - (2 + (-3 - -7) + 10)
30
What is the value of -5 + -10 + (5 - (6 - 0)) + 5?
-11
-8 + (4 - 3) + 15 - (1 - -27)
-20
What is 58 + (36 - 22 - 33)?
39
Evaluate -13 + (35 - 9) - -15.
28
-3 - (3 + (-6 - ((-5 - -8) + -6)))
-3
What is -24 + (6 + 17 - 17)?
-18
What is the value of -2 + (-5 - -3 - 10 - -8) + 6?
0
What is the value of (-11 - -23) + (-29 - -9)?
-8
-3 + 1 - -5 - (-6 + 12)
-3
Evaluate (0 - (-7 + 19)) + -5 + -2 + 4.
-15
(11 - 2) + -20 + 10 + -3
-4
(1 + -2 - -5) + 56 + (-56 - 4)
0
What is 34 - (-76 + 82 + (7 - -1))?
20
What is 2 + -1 + (13 - (-6 - (-11 + 9)))?
18
What is -1 + -3 - (56 - (22 + 38))?
0
What is (1 + 5 - 5) + -6 + -10 + 8?
-7
13 + (8 - -6) + -26 + 10
11
Evaluate (10 - (2 + 14)) + -8 + -10.
-24
(-4 - 5 - 10) + 8 + 35
24
Evaluate -2 + 0 + 3 + -13 + -9 + 18.
-3
Evaluate -3 - 3 - (-11 + 10 + 8).
-13
What is the value of -2 + -11 + 7 + (1 - -33) + -2?
26
What is -5 + (12 - 12) + -1?
-6
-36 + (15 - 8 - 1) + 3
-27
What is the value of -22 + 48 - 34 - (-2 + -12 + -1)?
7
Evaluate (-13 - -6) + 5 - (20 + -8).
-14
(-2 - -16) + (-14 - -2)
2
Calculate (13 - -2) + (-5 - -8).
18
What is the value of (29 + (-20 - -7) + 5 - 11) + -2?
8
Calculate 1 - 1 - 2 - ((5 - 56) + 58).
-9
What is 75 + -115 + (10 - -2 - -2)?
-26
Calculate 0 - (-21 + (-4 - -3) - -12).
10
Evaluate -8 + 6 + (7 - 14) - -4.
-5
(21 - 17) + -9 + 1 + 2
-2
What is 319 + -304 - (0 + 13)?
2
Evaluate 4 - (-5 - -20) - 4.
-15
What is (1 - 17) + 6 - (10 + 18 - 14)?
-24
What is -2 + 2 + (2 + -3 - (16 + -3))?
-14
What is the value of -25 - 0 - ((-32 - -32) + -1 + 1)?
-25
What is -2 + (-13 + 13 + (0 - -1) - -5)?
4
Evaluate (-5 - -8 - 4) + -6 + -2 + 1.
-8
What is the value of (6 - 2) + 153 + -168?
-11
What is -6 - (6 + -19 + (9 - 1))?
-1
Evaluate -6 + -13 + 23 - 10.
-6
Evaluate -19 + 4 + -1 + (324 - 312).
-4
Calculate 24 + (-5 - -7) - (43 - 36).
19
Calculate -8 - (-56 + 37 + (-1 - (-1 + 2))).
13
What is the value of 8 + (-7 - -1 - (1 - 1) - -7)?
9
Calculate (-3 - (1 + 1) - (-1 + -9)) + -34.
-29
What is the value of 11 + -18 - -15 - -1?
9
-5 + 4 + -9 + 7 + -7 + 2
-8
8 + 1 + -14 + -29 + 55
21
Calculate 101 - 95 - (1 + -3 - (-1 + -12)).
-5
What is 16 + -15 + (7 - -4 - -3)?
15
-14 + 30 + -11 + 4
9
Evaluate 13 + -8 + -2 + 4 + -1.
6
-5 + 4 + 1 - (5 + (-5 - 1))
1
Evaluate 5 - (-2 + (6 - 8) - 0 - 3).
12
12 + (-2 - -1) - (274 + -274) - -3
14
Evaluate -11 - -19 - (8 + 0 + -2 + -3).
5
Calculate 5 + 1 + -6 + 20 + -5.
15
Evaluate (-55 + -6 - -28) + (1 - -11).
-21
Calculate 4 + 20 + -2 + -24.
-2
What is the value of (-23 - -1) + 4 + 2 + -5 - -7?
-14
What is the value of 32 - 26 - (-2 - -13) - (0 - 13)?
8
What is (7 - (-9 + (-2 - -18))) + (0 - -17)?
17
Calculate -15 - (-7 - (10 + 8)).
10
14 + -38 + (26 - 10) + 0 + 1
-7
Evaluate 25 + (-18 - (-22 + 3)).
26
Calculate 1 + 5 + -30 + (5 - -8 - 2).
-13
Evaluate (-9 - (0 + 0)) + 8 + (-6 - -4).
-3
What is ((6 - 0) + -9 - -2) + 6 + 21?
26
What is the value of (5 - (-7 - (6 - 2 - 21))) + -2?
-7
Evaluate -15 + 17 + 2 + -4.
0
What is the value of (-5 - -13) + (-36 - -59)?
31
Calculate 7 - 0 - (3 - (-3 - -5)).
6
What is the value of -5 - ((3 - (11 - 10)) + 8)?
-15
Evaluate 5 + 17 + -24 - 29.
-31
What is the value of 52 - 64 - (6 - (1 + -2))?
-19
-14 + -34 + 24 - -20
-4
Calculate -2 + (3 - 14 - -3) + 27 + -37.
-20
What is (-10 - (-13 + 7)) + (38 - (-5 + 10))?
29
Evaluate 1236 - 1227 - (20 - 1).
-10
1 + 12 + -35 + 34 + -40
-28
Calculate -113 + 107 + (0 - -2) + -4.
-8
What is the value of 6 - (-2 + ((-6 - -5) + 5 - 13))?
17
Calculate 1 + -60 + (3583 - 3559).
-35
What is -21 - -4 - (-144 + 135)?
-8
(-4 - -1 - -1) + (-43 - -55)
10
Calculate (-9 - -10) + 1 - -12.
14
Calculate (-3 - 0) + 3 - (2 - 3).
1
What is -12 + (13 - (-19 + 8))?
12
Calculate (-17 - (-1 + -4)) + 8 - -20 - 4.
12
Calculate -21 - (-7 - 10) - (0 - 0).
-4
What is 3 + (2 - ((-13 - -2) + 9))?
7
Evaluate (21 - 10 - -1) + (-2 - -2).
12
What is the value of 1 - 2 - (-125 + 133)?
-9
What is (8 - -5) + (3 + -9 - 0)?
7
What is the value of (-14 - 16) + (-9 - -2) + 11?
-26
(-4 - -15 - 1) + -7 + 10
13
Calculate -2 + 4 - (-12 + 18) - 3.
-7
Calculate 0 + (4 - -1 - 9 - 12).
-16
Calculate (-24 - 0) + (37 + 8 + -26 - 24).
-29
What is (17 - -1) + 46 + -3 + -50?
11
Calculate -25 + 1 + 4 + (9 - 4).
-15
10 + -3 + (3 - (5 - (3 + -4)))
4
Calculate 4 + 2 - 28 - -23.
1
Evaluate (4 - 14) + (-1 - ((1 - 6) + 0)).
-6
What is 14 + (-34 + 48 - -4)?
32
Evaluate -1 - 2 - (-3 - (-7 - -4)).
-3
What is (1 - 1) + (-38 - -25)?
-13
5 - ((-46 - -11) + 36)
4
Calculate 8 + 18 + -19 + -22.
-15
What is the value of 12 - 1 - (-3 - -5 - -1)?
8
(0 - 19) + -17 + (11 + -11 - -23)
-13
Evaluate (-3 - -1) + -10 - -14 - 19.
-17
What is the value of (1 - 12 - 0) + (5 - 4)?
-10
(-41 - -16) + -7 - -50
18
14 - (-34 + 45) - 3
0
Calculate -11 + (-13 - -14) - -12.
2
What is 13 + -20 + 16 - 0?
9
Evaluate 0 - (-46 + 35 + 45).
-34
Evaluate 4 + -1 + (0 - 10) + 3.
-4
Calculate -4 - (20 + (-10 - 19)).
5
(6 + 9 - 19) + -12
-16
What is the value of -6 + (31 - 22 - -15)?
18
6 + 1 + 0 + -65 + (-62 - -104)
-16
25 + (-55 - (2 + -22))
-10
Calculate (-7 - (-2 - -2)) + -85 + 74.
-18
Evaluate 24 + (-20 - (-15 + -13)).
32
Evaluate 17 + (-13 + -2 - -9).
11
Evaluate 3 + 17 + -4 + -21 + -11.
-16
Calculate (11 - (45 - 17)) + 1